{"id":418,"date":"2023-11-25T16:50:52","date_gmt":"2023-11-25T15:50:52","guid":{"rendered":"https:\/\/www.aktivleben-burgstaedt.de\/?post_type=tribe_events&#038;p=418"},"modified":"2023-11-25T17:20:34","modified_gmt":"2023-11-25T16:20:34","slug":"digitale-offensive-fuer-internet-interessierte","status":"publish","type":"tribe_events","link":"https:\/\/www.aktivleben-burgstaedt.de\/?tribe_events=digitale-offensive-fuer-internet-interessierte","title":{"rendered":"Digitale Offensive f\u00fcr Internet-Interessierte"},"content":{"rendered":"<div  class=\"tribe-events-schedule tribe-clearfix\" >\n\t<p class=\"tribe-events-schedule__datetime\">\n\t\t<span class=\"tribe-events-schedule__date tribe-events-schedule__date--start\">\n\t\t\tNovember 28, 2023\t\t<\/span>\n\n\t\t\t\t\t<span class=\"tribe-events-schedule__separator tribe-events-schedule__separator--date\">\n\t\t\t\t @ \t\t\t<\/span>\n\t\t\t<span class=\"tribe-events-schedule__time tribe-events-schedule__time--start\">\n\t\t\t\t10:00\t\t\t<\/span>\n\t\t\n\t\t\t\t\t\t\t\t\t<span class=\"tribe-events-schedule__separator tribe-events-schedule__separator--time\">\n\t\t\t\t\t &#8211; \t\t\t\t<\/span>\n\t\t\t\n\t\t\t\t\t\t\t<span class=\"tribe-events-schedule__time tribe-events-schedule__time--end\">\n\t\t\t\t\t11:00\t\t\t\t<\/span>\n\t\t\t\n\t\t\t\t\t\t<\/p>\n<\/div><p><strong>Liebe Burgst\u00e4dterinnen und Burgst\u00e4dter. Und AnRainer&#8230;&#8230;.!<\/strong><\/p><p>Am Dienstag, den 28. November 2023, beginnt der christliche Kulturverein f\u00fcr Bildung und Begegnung &#8220;Aktiv Leben&#8221; e.V. mit einer neuen digitalen Offensive f\u00fcr Internet-Interessierte. Diese sind ab 10 Uhr in den R\u00e4umen des Christlichen Zentrums &#8220;Onkel Bernds H\u00fctte&#8221; herzlich willkommen! Unser Vereinsmit-glied Markus M\u00fcnschke, ein Kenner der Digitalen Medien, stellt sich Ihren Fragen und versucht darauf verst\u00e4ndliche Antworten zu geben. Sollten Sie Ihr eigenes Equipment mitbringen wollen, so steht Ihnen sowohl ein leistungsf\u00e4higes WLAN-Netz als auch eine leistungsf\u00e4hige LAN-Verkabelung zur Verf\u00fcgung. Herr Markus M\u00fcnschke und auch Onkel Bernd erwarten Sie mit Freude! Sollte die Nachfrage besonders gro\u00df sein, dann werden weitere Folgetermine f\u00fcr Einsteiger anberaumt. Wir streben sowieso mit dieser &#8220;Digitalen Offensive&#8221; eine l\u00e4ngerfristig angelegte Bildungs- und Begegnungsma\u00dfnahme an! Ganz im Sinne unserer Vereinssatzung! Bitte scheuen Sie sich nicht mit, nach Ihrer Meinung &#8220;dummen&#8221; oder &#8220;zu einfachen&#8221; Fragen, zu uns zu kommen! Jeder hat einmal mit vermeintlich schwierigen Themen im Leben begonnen! Trauen Sie sich! Die Teilnahme ist kostenlos. F\u00fcr Aufwendun-gen, die dem Verein entstehen, werden Spenden erbeten. Also dann bis Dienstag 10 Uhr in OBH. Robert-G\u00e4rtner-Str. 20 in Burgst\u00e4dt. Es gr\u00fc\u00dft Sie im Namen des Vereins ein Mitarbeiter von Jesus!<\/p><p><strong>Bernd Schneider<\/strong><\/p><div  class=\"tribe-block tribe-block__venue tribe-clearfix\" >\n\t\n\t\t\n\t<\/div><div  class=\"tribe-block tribe-block__events-link\" >\n\t\t<div class=\"tribe-events tribe-common\">\n\t\t\t<div class=\"tribe-events-c-subscribe-dropdown__container\">\n\t\t\t\t<div class=\"tribe-events-c-subscribe-dropdown\">\n\t\t\t\t\t<div class=\"tribe-common-c-btn-border tribe-events-c-subscribe-dropdown__button\">\n\t\t\t\t\t\t<svg\n\t class=\"tribe-common-c-svgicon tribe-common-c-svgicon--cal-export tribe-events-c-subscribe-dropdown__export-icon\" \taria-hidden=\"true\"\n\tviewBox=\"0 0 23 17\"\n\txmlns=\"http:\/\/www.w3.org\/2000\/svg\"\n>\n\t<path fill-rule=\"evenodd\" clip-rule=\"evenodd\" d=\"M.128.896V16.13c0 .211.145.383.323.383h15.354c.179 0 .323-.172.323-.383V.896c0-.212-.144-.383-.323-.383H.451C.273.513.128.684.128.896Zm16 6.742h-.901V4.679H1.009v10.729h14.218v-3.336h.901V7.638ZM1.01 1.614h14.218v2.058H1.009V1.614Z\" \/>\n\t<path d=\"M20.5 9.846H8.312M18.524 6.953l2.89 2.909-2.855 2.855\" stroke-width=\"1.2\" stroke-linecap=\"round\" stroke-linejoin=\"round\"\/>\n<\/svg>\n\t\t\t\t\t\t<button\n\t\t\t\t\t\t\tclass=\"tribe-events-c-subscribe-dropdown__button-text\"\n\t\t\t\t\t\t\taria-expanded=\"false\"\n\t\t\t\t\t\t\taria-controls=\"tribe-events-subscribe-dropdown-content\"\n\t\t\t\t\t\t\taria-label=\"Zeige Links an um Veranstaltungen zu deinem Kalender hinzuzuf\u00fcgen\"\n\t\t\t\t\t\t>\n\t\t\t\t\t\t\tZum Kalender hinzuf\u00fcgen\t\t\t\t\t\t<\/button>\n\t\t\t\t\t\t<svg\n\t class=\"tribe-common-c-svgicon tribe-common-c-svgicon--caret-down tribe-events-c-subscribe-dropdown__button-icon\" \taria-hidden=\"true\"\n\tviewBox=\"0 0 10 7\"\n\txmlns=\"http:\/\/www.w3.org\/2000\/svg\"\n>\n\t<path fill-rule=\"evenodd\" clip-rule=\"evenodd\" d=\"M1.008.609L5 4.6 8.992.61l.958.958L5 6.517.05 1.566l.958-.958z\" class=\"tribe-common-c-svgicon__svg-fill\"\/>\n<\/svg>\n\t\t\t\t\t<\/div>\n\t\t\t\t\t<div id=\"tribe-events-subscribe-dropdown-content\" class=\"tribe-events-c-subscribe-dropdown__content\">\n\t\t\t\t\t\t<ul class=\"tribe-events-c-subscribe-dropdown__list\">\n\t\t\t\t\t\t\t\t\t\t\t\t\t\t\t<li class=\"tribe-events-c-subscribe-dropdown__list-item tribe-events-c-subscribe-dropdown__list-item--gcal\">\n\t\t\t\t\t\t\t\t\t<a\n\t\t\t\t\t\t\t\t\t\thref=\"https:\/\/www.google.com\/calendar\/event?action=TEMPLATE&#038;dates=20231128T100000\/20231128T110000&#038;text=Digitale%20Offensive%20f%C3%BCr%20Internet-Interessierte&#038;details=%3Cp%3E%3Cstrong%3ELiebe+Burgst%C3%A4dterinnen+und+Burgst%C3%A4dter.+Und+AnRainer.......%21%3C%2Fstrong%3E%3C%2Fp%3E+%3Cp%3EAm+Dienstag%2C+den+28.+November+2023%2C+beginnt+der+christliche+Kulturverein+f%C3%BCr+Bildung+und+Begegnung+%22Aktiv+Leben%22+e.V.+mit+einer+neuen+digitalen+Offensive+f%C3%BCr+Internet-Interessierte.+Diese+sind+ab+10+Uhr+in+den+R%C3%A4umen+des+Christlichen+Zentrums+%22Onkel+Bernds+H%C3%BCtte%22+herzlich+willkommen%21+Unser+Vereinsmit-glied+Markus+M%C3%BCnschke%2C+ein+Kenner+der+Digitalen+Medien%2C+stellt+sich+Ihren+Fragen+und+versucht+darauf+verst%C3%A4ndliche+Antworten+zu+geben.+Sollten+Sie+Ihr+eigenes+Equipment+mitbringen+wollen%2C+so+steht+Ihnen+sowohl+ein+leistungsf%C3%A4higes+WLAN-Netz+als+auch+eine+leistungsf%C3%A4hige+LAN-Verkabelung+zur+Verf%C3%BCgung.+Herr+Markus+M%C3%BCnschke+und+auch+Onkel+Bernd+erwarten+Sie+mit+Freude%21+Sollte+die+Nachfrage+besonders+gro%C3%9F+sein%2C+dann+werden+weitere+Folgetermine+f%C3%BCr+Einsteiger+anberaumt.+Wir+streben+sowieso+mit+dieser+%22Digitalen+Offensive%22+eine+l%C3%A4ngerfristig+angelegte+Bildungs-+und+Begegnungsma%C3%9Fnahm%3C%2Fp%3E+%28Zeige+vollst%C3%A4ndige+Veranstaltung-Beschreibung+hier+an%3A+https%3A%2F%2Fwww.aktivleben-burgstaedt.de%2F%3Ftribe_events%3Ddigitale-offensive-fuer-internet-interessierte%29&#038;trp=false&#038;ctz=UTC+1&#038;sprop=website:https:\/\/www.aktivleben-burgstaedt.de\"\n\t\t\t\t\t\t\t\t\t\tclass=\"tribe-events-c-subscribe-dropdown__list-item-link\"\n\t\t\t\t\t\t\t\t\t\ttarget=\"_blank\"\n\t\t\t\t\t\t\t\t\t\trel=\"noopener noreferrer nofollow noindex\"\n\t\t\t\t\t\t\t\t\t>\n\t\t\t\t\t\t\t\t\t\tGoogle Kalender\t\t\t\t\t\t\t\t\t<\/a>\n\t\t\t\t\t\t\t\t<\/li>\n\t\t\t\t\t\t\t\t\t\t\t\t\t\t\t<li class=\"tribe-events-c-subscribe-dropdown__list-item tribe-events-c-subscribe-dropdown__list-item--ical\">\n\t\t\t\t\t\t\t\t\t<a\n\t\t\t\t\t\t\t\t\t\thref=\"\"\n\t\t\t\t\t\t\t\t\t\tclass=\"tribe-events-c-subscribe-dropdown__list-item-link\"\n\t\t\t\t\t\t\t\t\t\ttarget=\"_blank\"\n\t\t\t\t\t\t\t\t\t\trel=\"noopener noreferrer nofollow noindex\"\n\t\t\t\t\t\t\t\t\t>\n\t\t\t\t\t\t\t\t\t\tiCalendar\t\t\t\t\t\t\t\t\t<\/a>\n\t\t\t\t\t\t\t\t<\/li>\n\t\t\t\t\t\t\t\t\t\t\t\t\t\t\t<li class=\"tribe-events-c-subscribe-dropdown__list-item tribe-events-c-subscribe-dropdown__list-item--outlook-365\">\n\t\t\t\t\t\t\t\t\t<a\n\t\t\t\t\t\t\t\t\t\thref=\"\"\n\t\t\t\t\t\t\t\t\t\tclass=\"tribe-events-c-subscribe-dropdown__list-item-link\"\n\t\t\t\t\t\t\t\t\t\ttarget=\"_blank\"\n\t\t\t\t\t\t\t\t\t\trel=\"noopener noreferrer nofollow noindex\"\n\t\t\t\t\t\t\t\t\t>\n\t\t\t\t\t\t\t\t\t\tOutlook 365\t\t\t\t\t\t\t\t\t<\/a>\n\t\t\t\t\t\t\t\t<\/li>\n\t\t\t\t\t\t\t\t\t\t\t\t\t\t\t<li class=\"tribe-events-c-subscribe-dropdown__list-item tribe-events-c-subscribe-dropdown__list-item--outlook-live\">\n\t\t\t\t\t\t\t\t\t<a\n\t\t\t\t\t\t\t\t\t\thref=\"\"\n\t\t\t\t\t\t\t\t\t\tclass=\"tribe-events-c-subscribe-dropdown__list-item-link\"\n\t\t\t\t\t\t\t\t\t\ttarget=\"_blank\"\n\t\t\t\t\t\t\t\t\t\trel=\"noopener noreferrer nofollow noindex\"\n\t\t\t\t\t\t\t\t\t>\n\t\t\t\t\t\t\t\t\t\tOutlook Live\t\t\t\t\t\t\t\t\t<\/a>\n\t\t\t\t\t\t\t\t<\/li>\n\t\t\t\t\t\t\t\t\t\t\t\t\t<\/ul>\n\t\t\t\t\t<\/div>\n\t\t\t\t<\/div>\n\t\t\t<\/div>\n\t\t<\/div>\n\t<\/div>","protected":false},"excerpt":{"rendered":"<p>Liebe Burgst\u00e4dterinnen und Burgst\u00e4dter. Und AnRainer&#8230;&#8230;.! Am Dienstag, den 28. November 2023, beginnt der christliche Kulturverein f\u00fcr Bildung und Begegnung &#8220;Aktiv Leben&#8221; e.V. mit einer neuen digitalen Offensive f\u00fcr Internet-Interessierte.&hellip; <a class=\"more-link\" href=\"https:\/\/www.aktivleben-burgstaedt.de\/?tribe_events=digitale-offensive-fuer-internet-interessierte\"><span class=\"screen-reader-text\">Digitale Offensive f\u00fcr Internet-Interessierte<\/span> weiterlesen<\/a><\/p>\n","protected":false},"author":2,"featured_media":0,"template":"","meta":{"advanced_seo_description":"","jetpack_seo_html_title":"","jetpack_seo_noindex":false,"_EventAllDay":false,"_EventTimezone":"UTC+1","_EventStartDate":"2023-11-28 10:00:00","_EventEndDate":"2023-11-28 11:00:00","_EventStartDateUTC":"2023-11-28 09:00:00","_EventEndDateUTC":"2023-11-28 10:00:00","_EventShowMap":false,"_EventShowMapLink":false,"_EventURL":"","_EventCost":"","_EventCostDescription":"","_EventCurrencySymbol":"Eur","_EventCurrencyCode":"Eur","_EventCurrencyPosition":"suffix","_EventDateTimeSeparator":" @ ","_EventTimeRangeSeparator":" - ","_EventOrganizerID":[],"_EventVenueID":[],"_OrganizerEmail":"","_OrganizerPhone":"","_OrganizerWebsite":"","_VenueAddress":"","_VenueCity":"","_VenueCountry":"","_VenueProvince":"","_VenueState":"","_VenueZip":"","_VenuePhone":"","_VenueURL":"","_VenueStateProvince":"","_VenueLat":"","_VenueLng":"","_VenueShowMap":false,"_VenueShowMapLink":false,"_tribe_events_status":"","_tribe_events_status_reason":"","footnotes":""},"tags":[],"tribe_events_cat":[],"class_list":["post-418","tribe_events","type-tribe_events","status-publish","hentry","entry"],"jetpack_sharing_enabled":true,"jetpack_likes_enabled":true,"_links":{"self":[{"href":"https:\/\/www.aktivleben-burgstaedt.de\/index.php?rest_route=\/wp\/v2\/tribe_events\/418"}],"collection":[{"href":"https:\/\/www.aktivleben-burgstaedt.de\/index.php?rest_route=\/wp\/v2\/tribe_events"}],"about":[{"href":"https:\/\/www.aktivleben-burgstaedt.de\/index.php?rest_route=\/wp\/v2\/types\/tribe_events"}],"author":[{"embeddable":true,"href":"https:\/\/www.aktivleben-burgstaedt.de\/index.php?rest_route=\/wp\/v2\/users\/2"}],"version-history":[{"count":3,"href":"https:\/\/www.aktivleben-burgstaedt.de\/index.php?rest_route=\/wp\/v2\/tribe_events\/418\/revisions"}],"predecessor-version":[{"id":423,"href":"https:\/\/www.aktivleben-burgstaedt.de\/index.php?rest_route=\/wp\/v2\/tribe_events\/418\/revisions\/423"}],"wp:attachment":[{"href":"https:\/\/www.aktivleben-burgstaedt.de\/index.php?rest_route=%2Fwp%2Fv2%2Fmedia&parent=418"}],"wp:term":[{"taxonomy":"post_tag","embeddable":true,"href":"https:\/\/www.aktivleben-burgstaedt.de\/index.php?rest_route=%2Fwp%2Fv2%2Ftags&post=418"},{"taxonomy":"tribe_events_cat","embeddable":true,"href":"https:\/\/www.aktivleben-burgstaedt.de\/index.php?rest_route=%2Fwp%2Fv2%2Ftribe_events_cat&post=418"}],"curies":[{"name":"wp","href":"https:\/\/api.w.org\/{rel}","templated":true}]}}

Digitale Offensive für Internet-Interessierte

<div  class="tribe-events-schedule tribe-clearfix" >
	<p class="tribe-events-schedule__datetime">
		<span class="tribe-events-schedule__date tribe-events-schedule__date--start">
			November 28, 2023		</span>

					<span class="tribe-events-schedule__separator tribe-events-schedule__separator--date">
				 @ 			</span>
			<span class="tribe-events-schedule__time tribe-events-schedule__time--start">
				10:00			</span>
		
									<span class="tribe-events-schedule__separator tribe-events-schedule__separator--time">
					 &#8211; 				</span>
			
							<span class="tribe-events-schedule__time tribe-events-schedule__time--end">
					11:00				</span>
			
						</p>
</div><p><strong>Liebe Burgstädterinnen und Burgstädter. Und AnRainer&#8230;&#8230;.!</strong></p><p>Am Dienstag, den 28. November 2023, beginnt der christliche Kulturverein für Bildung und Begegnung &#8220;Aktiv Leben&#8221; e.V. mit einer neuen digitalen Offensive für Internet-Interessierte. Diese sind ab 10 Uhr in den Räumen des Christlichen Zentrums &#8220;Onkel Bernds Hütte&#8221; herzlich willkommen! Unser Vereinsmit-glied Markus Münschke, ein Kenner der Digitalen Medien, stellt sich Ihren Fragen und versucht darauf verständliche Antworten zu geben. Sollten Sie Ihr eigenes Equipment mitbringen wollen, so steht Ihnen sowohl ein leistungsfähiges WLAN-Netz als auch eine leistungsfähige LAN-Verkabelung zur Verfügung. Herr Markus Münschke und auch Onkel Bernd erwarten Sie mit Freude! Sollte die Nachfrage besonders groß sein, dann werden weitere Folgetermine für Einsteiger anberaumt. Wir streben sowieso mit dieser &#8220;Digitalen Offensive&#8221; eine längerfristig angelegte Bildungs- und Begegnungsmaßnahme an! Ganz im Sinne unserer Vereinssatzung! Bitte scheuen Sie sich nicht mit, nach Ihrer Meinung &#8220;dummen&#8221; oder &#8220;zu einfachen&#8221; Fragen, zu uns zu kommen! Jeder hat einmal mit vermeintlich schwierigen Themen im Leben begonnen! Trauen Sie sich! Die Teilnahme ist kostenlos. Für Aufwendun-gen, die dem Verein entstehen, werden Spenden erbeten. Also dann bis Dienstag 10 Uhr in OBH. Robert-Gärtner-Str. 20 in Burgstädt. Es grüßt Sie im Namen des Vereins ein Mitarbeiter von Jesus!</p><p><strong>Bernd Schneider</strong></p><div  class="tribe-block tribe-block__venue tribe-clearfix" >
	
		
	</div><div  class="tribe-block tribe-block__events-link" >
		<div class="tribe-events tribe-common">
			<div class="tribe-events-c-subscribe-dropdown__container">
				<div class="tribe-events-c-subscribe-dropdown">
					<div class="tribe-common-c-btn-border tribe-events-c-subscribe-dropdown__button">
						<svg
	 class="tribe-common-c-svgicon tribe-common-c-svgicon--cal-export tribe-events-c-subscribe-dropdown__export-icon" 	aria-hidden="true"
	viewBox="0 0 23 17"
	xmlns="http://www.w3.org/2000/svg"
>
	<path fill-rule="evenodd" clip-rule="evenodd" d="M.128.896V16.13c0 .211.145.383.323.383h15.354c.179 0 .323-.172.323-.383V.896c0-.212-.144-.383-.323-.383H.451C.273.513.128.684.128.896Zm16 6.742h-.901V4.679H1.009v10.729h14.218v-3.336h.901V7.638ZM1.01 1.614h14.218v2.058H1.009V1.614Z" />
	<path d="M20.5 9.846H8.312M18.524 6.953l2.89 2.909-2.855 2.855" stroke-width="1.2" stroke-linecap="round" stroke-linejoin="round"/>
</svg>
						<button
							class="tribe-events-c-subscribe-dropdown__button-text"
							aria-expanded="false"
							aria-controls="tribe-events-subscribe-dropdown-content"
							aria-label="Zeige Links an um Veranstaltungen zu deinem Kalender hinzuzufügen"
						>
							Zum Kalender hinzufügen						</button>
						<svg
	 class="tribe-common-c-svgicon tribe-common-c-svgicon--caret-down tribe-events-c-subscribe-dropdown__button-icon" 	aria-hidden="true"
	viewBox="0 0 10 7"
	xmlns="http://www.w3.org/2000/svg"
>
	<path fill-rule="evenodd" clip-rule="evenodd" d="M1.008.609L5 4.6 8.992.61l.958.958L5 6.517.05 1.566l.958-.958z" class="tribe-common-c-svgicon__svg-fill"/>
</svg>
					</div>
					<div id="tribe-events-subscribe-dropdown-content" class="tribe-events-c-subscribe-dropdown__content">
						<ul class="tribe-events-c-subscribe-dropdown__list">
															<li class="tribe-events-c-subscribe-dropdown__list-item tribe-events-c-subscribe-dropdown__list-item--gcal">
									<a
										href="https://www.google.com/calendar/event?action=TEMPLATE&#038;dates=20231128T100000/20231128T110000&#038;text=Digitale%20Offensive%20f%C3%BCr%20Internet-Interessierte&#038;details=%3Cp%3E%3Cstrong%3ELiebe+Burgst%C3%A4dterinnen+und+Burgst%C3%A4dter.+Und+AnRainer.......%21%3C%2Fstrong%3E%3C%2Fp%3E+%3Cp%3EAm+Dienstag%2C+den+28.+November+2023%2C+beginnt+der+christliche+Kulturverein+f%C3%BCr+Bildung+und+Begegnung+%22Aktiv+Leben%22+e.V.+mit+einer+neuen+digitalen+Offensive+f%C3%BCr+Internet-Interessierte.+Diese+sind+ab+10+Uhr+in+den+R%C3%A4umen+des+Christlichen+Zentrums+%22Onkel+Bernds+H%C3%BCtte%22+herzlich+willkommen%21+Unser+Vereinsmit-glied+Markus+M%C3%BCnschke%2C+ein+Kenner+der+Digitalen+Medien%2C+stellt+sich+Ihren+Fragen+und+versucht+darauf+verst%C3%A4ndliche+Antworten+zu+geben.+Sollten+Sie+Ihr+eigenes+Equipment+mitbringen+wollen%2C+so+steht+Ihnen+sowohl+ein+leistungsf%C3%A4higes+WLAN-Netz+als+auch+eine+leistungsf%C3%A4hige+LAN-Verkabelung+zur+Verf%C3%BCgung.+Herr+Markus+M%C3%BCnschke+und+auch+Onkel+Bernd+erwarten+Sie+mit+Freude%21+Sollte+die+Nachfrage+besonders+gro%C3%9F+sein%2C+dann+werden+weitere+Folgetermine+f%C3%BCr+Einsteiger+anberaumt.+Wir+streben+sowieso+mit+dieser+%22Digitalen+Offensive%22+eine+l%C3%A4ngerfristig+angelegte+Bildungs-+und+Begegnungsma%C3%9Fnahm%3C%2Fp%3E+%28Zeige+vollst%C3%A4ndige+Veranstaltung-Beschreibung+hier+an%3A+https%3A%2F%2Fwww.aktivleben-burgstaedt.de%2F%3Ftribe_events%3Ddigitale-offensive-fuer-internet-interessierte%29&#038;trp=false&#038;ctz=UTC+1&#038;sprop=website:https://www.aktivleben-burgstaedt.de"
										class="tribe-events-c-subscribe-dropdown__list-item-link"
										target="_blank"
										rel="noopener noreferrer nofollow noindex"
									>
										Google Kalender									</a>
								</li>
															<li class="tribe-events-c-subscribe-dropdown__list-item tribe-events-c-subscribe-dropdown__list-item--ical">
									<a
										href=""
										class="tribe-events-c-subscribe-dropdown__list-item-link"
										target="_blank"
										rel="noopener noreferrer nofollow noindex"
									>
										iCalendar									</a>
								</li>
															<li class="tribe-events-c-subscribe-dropdown__list-item tribe-events-c-subscribe-dropdown__list-item--outlook-365">
									<a
										href=""
										class="tribe-events-c-subscribe-dropdown__list-item-link"
										target="_blank"
										rel="noopener noreferrer nofollow noindex"
									>
										Outlook 365									</a>
								</li>
															<li class="tribe-events-c-subscribe-dropdown__list-item tribe-events-c-subscribe-dropdown__list-item--outlook-live">
									<a
										href=""
										class="tribe-events-c-subscribe-dropdown__list-item-link"
										target="_blank"
										rel="noopener noreferrer nofollow noindex"
									>
										Outlook Live									</a>
								</li>
													</ul>
					</div>
				</div>
			</div>
		</div>
	</div>

<p>Liebe Burgstädterinnen und Burgstädter. Und AnRainer&#8230;&#8230;.! Am Dienstag, den 28. November 2023, beginnt der christliche Kulturverein für Bildung und Begegnung &#8220;Aktiv Leben&#8221; e.V. mit einer neuen digitalen Offensive für Internet-Interessierte.&hellip; <a class="more-link" href="https://www.aktivleben-burgstaedt.de/?tribe_events=digitale-offensive-fuer-internet-interessierte"><span class="screen-reader-text">Digitale Offensive für Internet-Interessierte</span> weiterlesen</a></p>
